
Let r = -1418 + 2538. What is the tens digit of r?
2
Let i = 5891 - 3436. What is the tens digit of i?
5
Suppose 2*x + 40 = 4*x. Suppose 4*v + 13 + 34 = h, x = -4*v. What is the units digit of h?
7
Suppose -j - 4*n = -235, -510 = -2*j + 3*n - n. What is the units digit of j?
1
Suppose j - 55 - 157 = -u, -215 = -j - 4*u. Suppose 5*f - 4*b = j, f + 5*b - 91 = -f. What is the units digit of f?
3
Let x = -23 + 30. Suppose -4*l - 12 - 25 = i, l = -i - x. What is the units digit of l/55 + (-2384)/(-44)?
4
Let p = -9 - -3. Let n be (p - -1) + -2 + 2. What is the units digit of 26/n*(-2 - 3)?
6
Suppose 3*u = g - 0*u - 4846, 5*g - 24170 = -5*u. What is the tens digit of g?
3
Let y(z) be the third derivative of z**6/120 + 3*z**5/20 - z**4/12 - z**3/6 + 11*z**2. What is the tens digit of y(-4)?
8
Suppose k - 238 = -6*k. Let h be (-4)/24*-9*k. Suppose 3*y + 0*f - 25 = -2*f, -5*y - f = -h. What is the tens digit of y?
1
Let y(g) = -12*g - 12. Let h be y(-5). Let j = 55 + h. What is the units digit of j?
3
Let q be (2 + (-33)/(-6))*(-6)/(-9). Suppose -f = -q*f + 2*y + 520, 4*y = -5*f + 637. What is the units digit of f?
9
Let z = 1611 - 83. What is the hundreds digit of z?
5
Let t be (4/3)/((-3)/(-9)). Let j = -6 + 16. Suppose 0 = -z + 5*s - 6, -2*z + t*z = -s + j. What is the units digit of z?
4
Suppose 7*i - 1963 = 6689. What is the tens digit of i?
3
Let n(f) = 112*f - 28. What is the hundreds digit of n(5)?
5
What is the tens digit of (-2)/(-8)*(11 + -3)*113?
2
Suppose -223 = -5*y + 2182. What is the tens digit of y?
8
Let u = -119 + 183. Suppose 5*w = 316 + u. What is the units digit of w?
6
Let i = -74 + 75. What is the units digit of ((-1)/2)/((i + 2)/(-48))?
8
Suppose 3*y - 1540 = -7*y. What is the units digit of y?
4
Let d = -1138 + 2733. What is the units digit of d?
5
Suppose 8*r = 13*r. Suppose -2*g - 3*z + 0*z + 231 = r, 5*z = 5*g - 515. What is the units digit of g?
8
Let x(f) be the first derivative of -41*f**2/2 + 2*f + 6. What is the tens digit of x(-1)?
4
Let u = -45 - -47. Suppose 2*r - 1052 = -u*r. What is the hundreds digit of r?
2
Let y = 1022 - 763. What is the units digit of y?
9
Suppose -130312 = -31*g - 25*g. What is the tens digit of g?
2
Suppose 6*d - 4*y - 304 = 3*d, 0 = 4*d - 2*y - 412. What is the tens digit of d?
0
Let s be (-1 + 1)*3/6. Let h be -3 + -1 + s + -4. What is the units digit of (54/h)/(7/(-28))?
7
Let j = 102 - 54. What is the units digit of j?
8
Suppose 0 = 146*o - 141*o - 6375. What is the units digit of o?
5
Suppose -4*p = -0*p - 16. Let l(u) = u**2 - 8*u - 4. Let q be l(9). Suppose 0*a + q*t = p*a - 181, 4*t = a - 48. What is the tens digit of a?
4
Suppose 2*c = -4*b + 3*b + 2067, 3 = b. What is the hundreds digit of c?
0
Let h(k) = k**2 + 8*k + 4. Let f be h(-8). Suppose -2*p = 2*d - 2902, 7*p - 4*p + f*d - 4355 = 0. What is the units digit of p/28 - (-3)/(-4)?
1
Suppose -1023 = -38*l + 27*l. What is the units digit of l?
3
Let q be (-2 + 8)/((-2)/(-11)). Suppose 3*a = 6*a + q. Let u = a + 34. What is the tens digit of u?
2
Let k be 12 - 2 - 3*1. Suppose 180 = 9*a - k*a. What is the units digit of a?
0
Suppose 2*b = d + b + 330, -2*b - 975 = 3*d. What is the tens digit of (0 + 1)*(-5)/15*d?
0
What is the units digit of 384 - (12/3 + -2)/(-2)?
5
Suppose -3*p + 5*x + 1307 = 0, -2*p - x + 893 = -0*x. What is the hundreds digit of p?
4
Let o be (-2)/(-2)*-8*-7. Suppose -2*g + 2*n = 2*g - o, 3*n + 24 = g. What is the units digit of (g/(-14))/((-1)/28)?
4
Suppose 28*l = 36*l - 8000. What is the hundreds digit of l?
0
Let v(k) = -k**2 - 11*k - 16. Let o be v(-9). Let b(t) = 6*t**3 - t**2 - t - 2. What is the units digit of b(o)?
0
What is the tens digit of 182/1729 - 2390/(-38)?
6
Let q(j) = -45*j - 3. What is the units digit of q(-5)?
2
Let l(j) = -21*j**3 - 2*j**2 - 2*j - 1. Let m be l(-1). What is the units digit of 5/(m/64) - -2?
8
Let o(m) = -178*m - 69. What is the tens digit of o(-5)?
2
Let l(k) = k - 1. Let a(j) = -11*j + 1. Let c(b) = -a(b) - 6*l(b). What is the tens digit of c(9)?
5
Suppose -30 = -12*n + 30. Suppose n*a - 771 = 4*b, 2*a = a + b + 155. What is the tens digit of a?
5
Let w(q) = 31*q**2 - 76*q - 15. What is the units digit of w(-5)?
0
Suppose -322*n + 320*n = -4*o - 10814, 5*o + 10815 = 2*n. What is the units digit of n?
5
Let f = 96 + -56. Suppose 0*p = -p + 5*j + f, 5*p + j = 330. Let u = p - 35. What is the units digit of u?
0
Let t(i) = 8*i**3 - 2*i**2 + 5*i - 14. What is the units digit of t(3)?
9
Let m(d) be the third derivative of d**5/20 - 17*d**4/24 + d**3 + 11*d**2. Let i(j) = j**3 - 5*j**2 - 5*j + 1. Let g be i(6). What is the units digit of m(g)?
4
Let z = 335 - -183. What is the units digit of z?
8
Let j(k) = 42*k**3 - 22*k**2 + 3*k - 6. What is the units digit of j(3)?
9
Let o = 46 + -38. Let u(c) = c + 15. What is the units digit of u(o)?
3
Let n = -8 + 10. Let x = 109 + -37. Suppose 0 = a + n*a - x. What is the units digit of a?
4
Suppose -2*b - 36 = -3*z + 25, 5*z = 3*b + 101. Suppose q - 9 = z. Let r = -27 + q. What is the units digit of r?
1
Let v be (2/4)/(4/(-160)*-4). Suppose -5*q + 175 = s, -v*q - 2 + 7 = 0. What is the hundreds digit of s?
1
Suppose -31*h = -28*h - 219. Suppose -97*n + h = -96*n. What is the units digit of n?
3
Let x(b) = 12*b**2 - 8*b + 9. What is the units digit of x(6)?
3
Let t be 2/9 + 580/(-180). What is the hundreds digit of (-20)/((-15)/t) + 111?
1
Suppose 0 = -5*d + 8 - 23. Let t(v) = -4*v**3 + 7*v + 15. What is the tens digit of t(d)?
0
Let b = -280 + 1585. What is the hundreds digit of b?
3
Suppose -63 = -7*s - 21. Suppose s*h = 359 + 391. What is the hundreds digit of h?
1
Suppose 3*p = -r + 15, -22 = -5*r - 4*p + 9. Suppose -3*s = 2*f + 3*f, f + r*s + 12 = 0. What is the units digit of (-53)/(-4) + f/(-12)?
3
Suppose -6258 = -3*o - 3*n, 3164 = -5*o + n + 13588. What is the units digit of o?
5
Let n = 5099 + -2970. What is the hundreds digit of n?
1
Suppose -59*g - 20263 = -82*g. What is the tens digit of g?
8
Suppose 5*x - 3*x = 0. Let f(o) = -3*o + 8 + 2*o + 0*o. What is the units digit of f(x)?
8
Suppose -3*w = 5 + 7. Let d(z) be the third derivative of z**5/30 + z**4/24 + z**3/6 + 32*z**2. What is the units digit of d(w)?
9
Suppose -7*v = -2*v - 2*o - 25, 2*v - 4*o = -6. Suppose v*a = 4*a - 24. Let b = 0 - a. What is the units digit of b?
8
Let k(o) = o**3 + 9*o**2 - o - 12. Let v be k(-9). Let n be 1/v*-2*3. Suppose 0 = -5*s + 3*x - 1, 0 = n*s - s - 5*x + 9. What is the units digit of s?
1
Let a be (10 - 11)*(-231 - 0/1). Suppose 0*y + a = i - 5*y, 2*i = y + 489. What is the tens digit of i?
4
Suppose 11 - 2 = 3*h. Suppose 2*k + k + 12 = -3*q, q = h*k + 4. What is the units digit of ((-4)/(-10))/(q/(-50))?
0
Suppose 2*j + 4*k - 3384 = 2*k, 5*j - 8469 = -2*k. What is the thousands digit of j?
1
Suppose 3*k - 17 - 40 = -s, 2*s = 6. Suppose -5*l = -4*q + 6, -2*q + 5*q = -5*l - 13. What is the tens digit of (k/(-8))/(l/24)?
2
Suppose 34*k - 16810 = -5*p + 37*k, 2*k - 10067 = -3*p. What is the hundreds digit of p?
3
Let a(b) = -75*b + 1. Let n(u) = -1. Let r(z) = a(z) + 6*n(z). What is the tens digit of r(-3)?
2
Let o = 26 - 23. Suppose -44 = o*f + 19. What is the units digit of ((-66)/(-8))/(f/(-56))?
2
Let x be ((-6)/12)/(1/(-58)). Let d = 36 - x. What is the units digit of d?
7
Let s = 13 + -12. Suppose 2*o - 3*w = s, 3*o - w - 7 = -o. Suppose 4 = -o*n + 8. What is the units digit of n?
2
Let x be (11/(-4))/((-4)/1264). Suppose 4*g - 835 = -5*s, 3*g + s + 251 = x. What is the units digit of g?
5
Let s = -539 - -595. What is the tens digit of s?
5
Let j = 18 - -29. Suppose 2*k + j = k. Let c = -31 - k. What is the tens digit of c?
1
Let u(g) = -7*g**3 + g. Let o be u(-1). Let k = 9 - o. Suppose -k*j - 64 = 3*x - 8*x, -j = -x + 12. What is the tens digit of x?
1
Suppose -3*t - 3*x - 2*x = -1, 3*x + 3 = 0. Suppose -25 = -d - t*d + 5*p, 72 = 4*d + 3*p. Suppose o - 355 = -5*a, 0 = o - 4*o - d. What is the units digit of a?
2
Let t = -81 + 136. Suppose -3*i = -8*i + t. What is the tens digit of (i - 12) + 24 + 1?
2
Suppose -2*l - 2*q = -44, 2*q - 5 = 2*l - 57. Let i = l + -22. Suppose 5*r + u - i*u = 272, 0 = -3*r - 4*u + 177. What is the units digit of r?
5
Let n = -64 + 111. Suppose 3*b = -0*b + 12. Suppose b*p + 51 = -4*d + 139, 5*d -